Last updated on 2024-08-16 15:49:42 CEST.
Flavor | Version | Tinstall | Tcheck | Ttotal | Status | Flags |
---|---|---|---|---|---|---|
r-devel-linux-x86_64-debian-clang | 0.2.4 | 14.21 | 195.94 | 210.15 | NOTE | |
r-devel-linux-x86_64-debian-gcc | 0.2.4 | 8.99 | 131.69 | 140.68 | NOTE | |
r-devel-linux-x86_64-fedora-clang | 0.2.4 | 338.16 | OK | |||
r-devel-linux-x86_64-fedora-gcc | 0.2.4 | 335.09 | OK | |||
r-devel-windows-x86_64 | 0.2.4 | 17.00 | 197.00 | 214.00 | NOTE | |
r-patched-linux-x86_64 | 0.2.4 | 21.31 | 184.35 | 205.66 | OK | |
r-release-linux-x86_64 | 0.2.4 | 14.57 | 185.34 | 199.91 | OK | |
r-release-macos-arm64 | 0.2.4 | 123.00 | OK | |||
r-release-macos-x86_64 | 0.2.4 | 220.00 | OK | |||
r-release-windows-x86_64 | 0.2.4 | 19.00 | 196.00 | 215.00 | OK | |
r-oldrel-macos-arm64 | 0.2.4 | 111.00 | OK | |||
r-oldrel-macos-x86_64 | 0.2.4 | 225.00 | OK | |||
r-oldrel-windows-x86_64 | 0.2.4 | 23.00 | 244.00 | 267.00 | OK |
Version: 0.2.4
Check: Rd cross-references
Result: NOTE
Found the following Rd file(s) with Rd \link{} targets missing package
anchors:
NCA_append_report.Rd: FM_generate_report
Please provide package anchors for all Rd \link{} targets not in the
package itself and the base packages.
Flavors: r-devel-linux-x86_64-debian-clang, r-devel-linux-x86_64-debian-gcc, r-devel-windows-x86_64