Last updated on 2024-06-26 15:54:56 CEST.
Flavor | Version | Tinstall | Tcheck | Ttotal | Status | Flags |
---|---|---|---|---|---|---|
r-devel-linux-x86_64-debian-clang | 0.1 | OK | ||||
r-devel-linux-x86_64-debian-gcc | 0.1 | 4.24 | 22.83 | 27.07 | OK | |
r-devel-linux-x86_64-fedora-clang | 0.1 | 43.02 | NOTE | |||
r-devel-linux-x86_64-fedora-gcc | 0.1 | 42.87 | NOTE | |||
r-devel-windows-x86_64 | 0.1 | 5.00 | 49.00 | 54.00 | OK | |
r-patched-linux-x86_64 | 0.1 | 5.02 | 28.11 | 33.13 | OK | |
r-release-linux-x86_64 | 0.1 | 5.05 | 27.48 | 32.53 | OK | |
r-release-macos-arm64 | 0.1 | 22.00 | OK | |||
r-release-macos-x86_64 | 0.1 | 29.00 | OK | |||
r-release-windows-x86_64 | 0.1 | 6.00 | 48.00 | 54.00 | OK | |
r-oldrel-macos-arm64 | 0.1 | 22.00 | OK | |||
r-oldrel-macos-x86_64 | 0.1 | 31.00 | NOTE | |||
r-oldrel-windows-x86_64 | 0.1 | 7.00 | 47.00 | 54.00 | OK |
Version: 0.1
Check: data for non-ASCII characters
Result: NOTE
Note: found 426306 marked UTF-8 strings
Flavors: r-devel-linux-x86_64-fedora-clang, r-devel-linux-x86_64-fedora-gcc
Version: 0.1
Check: installed package size
Result: NOTE
installed size is 5.5Mb
sub-directories of 1Mb or more:
data 5.4Mb
Flavor: r-oldrel-macos-x86_64