Last updated on 2024-05-13 03:49:47 CEST.
Flavor | Version | Tinstall | Tcheck | Ttotal | Status | Flags |
---|---|---|---|---|---|---|
r-devel-linux-x86_64-debian-clang | 1.2.4 | 10.40 | 114.02 | 124.42 | OK | |
r-devel-linux-x86_64-debian-gcc | 1.2.4 | 7.04 | 87.00 | 94.04 | OK | |
r-devel-linux-x86_64-fedora-clang | 1.2.4 | 155.57 | NOTE | |||
r-devel-linux-x86_64-fedora-gcc | 1.2.4 | 165.04 | OK | |||
r-devel-windows-x86_64 | 1.2.4 | 8.00 | 108.00 | 116.00 | NOTE | |
r-patched-linux-x86_64 | 1.2.4 | 5.92 | 111.24 | 117.16 | OK | |
r-release-linux-x86_64 | 1.2.4 | 6.30 | 108.71 | 115.01 | OK | |
r-release-macos-arm64 | 1.2.4 | 71.00 | NOTE | |||
r-release-macos-x86_64 | 1.2.4 | 134.00 | NOTE | |||
r-release-windows-x86_64 | 1.2.4 | 7.00 | 110.00 | 117.00 | NOTE | |
r-oldrel-macos-arm64 | 1.2.4 | 79.00 | NOTE | |||
r-oldrel-macos-x86_64 | 1.2.4 | 150.00 | NOTE | |||
r-oldrel-windows-x86_64 | 1.2.4 | 10.00 | 123.00 | 133.00 | NOTE |
Version: 1.2.4
Check: installed package size
Result: NOTE
installed size is 6.4Mb
sub-directories of 1Mb or more:
doc 5.1Mb
extdata 1.2Mb
Flavors: r-devel-linux-x86_64-fedora-clang, r-devel-windows-x86_64, r-release-macos-arm64, r-release-macos-x86_64, r-release-windows-x86_64, r-oldrel-macos-arm64, r-oldrel-macos-x86_64, r-oldrel-windows-x86_64