Last updated on 2024-06-26 15:54:56 CEST.
Flavor | Version | Tinstall | Tcheck | Ttotal | Status | Flags |
---|---|---|---|---|---|---|
r-devel-linux-x86_64-debian-clang | 1.1-4 | NOTE | ||||
r-devel-linux-x86_64-debian-gcc | 1.1-4 | 10.12 | 76.14 | 86.26 | NOTE | |
r-devel-linux-x86_64-fedora-clang | 1.1-4 | 147.17 | NOTE | |||
r-devel-linux-x86_64-fedora-gcc | 1.1-4 | 151.07 | NOTE | |||
r-devel-windows-x86_64 | 1.1-4 | 10.00 | 94.00 | 104.00 | NOTE | |
r-patched-linux-x86_64 | 1.1-4 | 13.34 | 100.30 | 113.64 | NOTE | |
r-release-linux-x86_64 | 1.1-4 | 11.62 | 98.33 | 109.95 | NOTE | |
r-release-macos-arm64 | 1.1-4 | 48.00 | NOTE | |||
r-release-macos-x86_64 | 1.1-4 | 74.00 | NOTE | |||
r-release-windows-x86_64 | 1.1-4 | 11.00 | 95.00 | 106.00 | NOTE | |
r-oldrel-macos-arm64 | 1.1-4 | 51.00 | OK | |||
r-oldrel-macos-x86_64 | 1.1-4 | 96.00 | OK | |||
r-oldrel-windows-x86_64 | 1.1-4 | 13.00 | 114.00 | 127.00 | OK |
Version: 1.1-4
Check: Rd files
Result: NOTE
checkRd: (-1) get.events.Rd:51: Lost braces
51 | code{\link[deSolve]{events}}
| ^
Flavors: r-devel-linux-x86_64-debian-clang, r-devel-linux-x86_64-debian-gcc, r-devel-linux-x86_64-fedora-clang, r-devel-linux-x86_64-fedora-gcc, r-devel-windows-x86_64, r-patched-linux-x86_64, r-release-linux-x86_64, r-release-macos-arm64, r-release-macos-x86_64, r-release-windows-x86_64