Last updated on 2024-08-16 15:49:42 CEST.
Flavor | Version | Tinstall | Tcheck | Ttotal | Status | Flags |
---|---|---|---|---|---|---|
r-devel-linux-x86_64-debian-clang | 0.61.0 | 13.86 | 102.39 | 116.25 | OK | |
r-devel-linux-x86_64-debian-gcc | 0.61.0 | 10.18 | 67.98 | 78.16 | OK | |
r-devel-linux-x86_64-fedora-clang | 0.61.0 | 191.62 | NOTE | |||
r-devel-linux-x86_64-fedora-gcc | 0.61.0 | 176.05 | NOTE | |||
r-devel-windows-x86_64 | 0.61.0 | 17.00 | 117.00 | 134.00 | OK | |
r-patched-linux-x86_64 | 0.61.0 | 15.89 | 95.97 | 111.86 | OK | |
r-release-linux-x86_64 | 0.61.0 | 11.77 | 96.14 | 107.91 | OK | |
r-release-macos-arm64 | 0.61.0 | 53.00 | OK | |||
r-release-macos-x86_64 | 0.61.0 | 141.00 | OK | |||
r-release-windows-x86_64 | 0.61.0 | 18.00 | 116.00 | 134.00 | OK | |
r-oldrel-macos-arm64 | 0.61.0 | 68.00 | OK | |||
r-oldrel-macos-x86_64 | 0.61.0 | 101.00 | OK | |||
r-oldrel-windows-x86_64 | 0.61.0 | 22.00 | 140.00 | 162.00 | OK |
Version: 0.61.0
Check: data for non-ASCII characters
Result: NOTE
Note: found 1 marked UTF-8 string
Flavors: r-devel-linux-x86_64-fedora-clang, r-devel-linux-x86_64-fedora-gcc