Last updated on 2024-06-15 15:49:17 CEST.
Flavor | Version | Tinstall | Tcheck | Ttotal | Status | Flags |
---|---|---|---|---|---|---|
r-devel-linux-x86_64-debian-clang | 1.0.1 | 5.37 | 53.46 | 58.83 | OK | |
r-devel-linux-x86_64-debian-gcc | 1.0.1 | 3.49 | 38.20 | 41.69 | OK | |
r-devel-linux-x86_64-fedora-clang | 1.0.1 | 72.10 | NOTE | |||
r-devel-linux-x86_64-fedora-gcc | 1.0.1 | 79.95 | NOTE | |||
r-devel-windows-x86_64 | 1.0.1 | 5.00 | 63.00 | 68.00 | OK | |
r-patched-linux-x86_64 | 1.0.1 | 4.88 | 49.56 | 54.44 | OK | |
r-release-linux-x86_64 | 1.0.1 | 2.77 | 49.57 | 52.34 | OK | |
r-release-macos-arm64 | 1.0.1 | 31.00 | OK | |||
r-release-macos-x86_64 | 1.0.1 | 46.00 | OK | |||
r-release-windows-x86_64 | 1.0.1 | 6.00 | 70.00 | 76.00 | OK | |
r-oldrel-macos-arm64 | 1.0.1 | 33.00 | OK | |||
r-oldrel-macos-x86_64 | 1.0.1 | 43.00 | OK | |||
r-oldrel-windows-x86_64 | 1.0.1 | 6.00 | 70.00 | 76.00 | OK |
Version: 1.0.1
Check: dependencies in R code
Result: NOTE
Namespaces in Imports field not imported from:
‘pedtools’ ‘readr’
All declared Imports should be used.
Flavors: r-devel-linux-x86_64-fedora-clang, r-devel-linux-x86_64-fedora-gcc