Last updated on 2024-06-26 15:54:57 CEST.
Flavor | Version | Tinstall | Tcheck | Ttotal | Status | Flags |
---|---|---|---|---|---|---|
r-devel-linux-x86_64-debian-clang | 1.0.1 | NOTE | ||||
r-devel-linux-x86_64-debian-gcc | 1.0.1 | 65.60 | 55.05 | 120.65 | NOTE | |
r-devel-linux-x86_64-fedora-clang | 1.0.1 | 222.32 | NOTE | |||
r-devel-linux-x86_64-fedora-gcc | 1.0.1 | 235.08 | NOTE | |||
r-devel-windows-x86_64 | 1.0.1 | 65.00 | 94.00 | 159.00 | NOTE | |
r-patched-linux-x86_64 | 1.0.1 | 77.34 | 72.86 | 150.20 | NOTE | |
r-release-linux-x86_64 | 1.0.1 | 77.78 | 72.13 | 149.91 | NOTE | |
r-release-macos-arm64 | 1.0.1 | 49.00 | NOTE | |||
r-release-macos-x86_64 | 1.0.1 | 87.00 | NOTE | |||
r-release-windows-x86_64 | 1.0.1 | 65.00 | 95.00 | 160.00 | NOTE | |
r-oldrel-macos-arm64 | 1.0.1 | 57.00 | NOTE | |||
r-oldrel-macos-x86_64 | 1.0.1 | 96.00 | NOTE | |||
r-oldrel-windows-x86_64 | 1.0.1 | 66.00 | 122.00 | 188.00 | NOTE |
Version: 1.0.1
Check: C++ specification
Result: NOTE
Specified C++11: please drop specification unless essential
Flavors: r-devel-linux-x86_64-debian-clang, r-devel-linux-x86_64-debian-gcc, r-devel-linux-x86_64-fedora-clang, r-devel-linux-x86_64-fedora-gcc, r-devel-windows-x86_64, r-patched-linux-x86_64, r-release-linux-x86_64, r-release-macos-arm64, r-release-macos-x86_64, r-release-windows-x86_64, r-oldrel-macos-arm64, r-oldrel-macos-x86_64, r-oldrel-windows-x86_64
Version: 1.0.1
Check: LazyData
Result: NOTE
'LazyData' is specified without a 'data' directory
Flavors: r-devel-linux-x86_64-debian-clang, r-devel-linux-x86_64-debian-gcc, r-devel-linux-x86_64-fedora-clang, r-devel-linux-x86_64-fedora-gcc, r-devel-windows-x86_64, r-patched-linux-x86_64, r-release-linux-x86_64, r-release-macos-arm64, r-release-macos-x86_64, r-release-windows-x86_64, r-oldrel-macos-arm64, r-oldrel-macos-x86_64, r-oldrel-windows-x86_64
Version: 1.0.1
Check: installed package size
Result: NOTE
installed size is 9.9Mb
sub-directories of 1Mb or more:
libs 9.2Mb
Flavors: r-release-macos-arm64, r-release-macos-x86_64, r-oldrel-macos-arm64, r-oldrel-macos-x86_64