Last updated on 2024-08-16 03:49:37 CEST.
Flavor | Version | Tinstall | Tcheck | Ttotal | Status | Flags |
---|---|---|---|---|---|---|
r-devel-linux-x86_64-debian-clang | 0.1.1 | 1.57 | 71.74 | 73.31 | OK | |
r-devel-linux-x86_64-debian-gcc | 0.1.1 | 1.18 | 52.81 | 53.99 | OK | |
r-devel-linux-x86_64-fedora-clang | 0.1.1 | 108.54 | NOTE | |||
r-devel-linux-x86_64-fedora-gcc | 0.1.1 | 130.12 | NOTE | |||
r-devel-windows-x86_64 | 0.1.1 | 2.00 | 86.00 | 88.00 | OK | |
r-patched-linux-x86_64 | 0.1.1 | 1.81 | 64.55 | 66.36 | OK | |
r-release-linux-x86_64 | 0.1.1 | 1.60 | 66.68 | 68.28 | OK | |
r-release-macos-arm64 | 0.1.1 | 52.00 | OK | |||
r-release-macos-x86_64 | 0.1.1 | 66.00 | OK | |||
r-release-windows-x86_64 | 0.1.1 | 2.00 | 84.00 | 86.00 | OK | |
r-oldrel-macos-arm64 | 0.1.1 | 54.00 | OK | |||
r-oldrel-macos-x86_64 | 0.1.1 | 67.00 | OK | |||
r-oldrel-windows-x86_64 | 0.1.1 | 3.00 | 91.00 | 94.00 | OK |
Version: 0.1.1
Check: data for non-ASCII characters
Result: NOTE
Note: found 2 marked Latin-1 strings
Flavors: r-devel-linux-x86_64-fedora-clang, r-devel-linux-x86_64-fedora-gcc