Last updated on 2024-07-12 02:51:22 CEST.
Flavor | Version | Tinstall | Tcheck | Ttotal | Status | Flags |
---|---|---|---|---|---|---|
r-devel-linux-x86_64-debian-clang | 0.7.2 | 92.29 | 59.17 | 151.46 | NOTE | |
r-devel-linux-x86_64-debian-gcc | 0.7.2 | 67.87 | 43.83 | 111.70 | NOTE | |
r-devel-linux-x86_64-fedora-clang | 0.7.2 | 230.54 | NOTE | |||
r-devel-linux-x86_64-fedora-gcc | 0.7.2 | 249.76 | NOTE | |||
r-devel-windows-x86_64 | 0.7.2 | 84.00 | 95.00 | 179.00 | NOTE | |
r-patched-linux-x86_64 | 0.7.2 | 82.24 | 57.59 | 139.83 | NOTE | |
r-release-linux-x86_64 | 0.7.2 | 83.80 | 57.87 | 141.67 | NOTE | |
r-release-macos-arm64 | 0.7.2 | 57.00 | NOTE | |||
r-release-macos-x86_64 | 0.7.2 | 67.00 | NOTE | |||
r-release-windows-x86_64 | 0.7.2 | 83.00 | 99.00 | 182.00 | NOTE | |
r-oldrel-macos-arm64 | 0.7.2 | 60.00 | NOTE | |||
r-oldrel-macos-x86_64 | 0.7.2 | 95.00 | NOTE | |||
r-oldrel-windows-x86_64 | 0.7.2 | 100.00 | 108.00 | 208.00 | NOTE |
Version: 0.7.2
Check: for GNU extensions in Makefiles
Result: NOTE
GNU make is a SystemRequirements.
Flavors: r-devel-linux-x86_64-debian-clang, r-devel-linux-x86_64-debian-gcc, r-devel-linux-x86_64-fedora-clang, r-devel-linux-x86_64-fedora-gcc, r-devel-windows-x86_64, r-patched-linux-x86_64, r-release-linux-x86_64, r-release-macos-arm64, r-release-macos-x86_64, r-release-windows-x86_64, r-oldrel-macos-arm64, r-oldrel-macos-x86_64, r-oldrel-windows-x86_64
Version: 0.7.2
Check: installed package size
Result: NOTE
installed size is 5.8Mb
sub-directories of 1Mb or more:
libs 5.0Mb
Flavors: r-release-macos-arm64, r-release-macos-x86_64, r-oldrel-macos-arm64, r-oldrel-macos-x86_64