Last updated on 2024-06-26 15:54:57 CEST.
Flavor | Version | Tinstall | Tcheck | Ttotal | Status | Flags |
---|---|---|---|---|---|---|
r-devel-linux-x86_64-debian-clang | 5.0 | NOTE | ||||
r-devel-linux-x86_64-debian-gcc | 5.0 | 27.84 | 123.69 | 151.53 | NOTE | |
r-devel-linux-x86_64-fedora-clang | 5.0 | 260.72 | NOTE | |||
r-devel-linux-x86_64-fedora-gcc | 5.0 | 262.88 | NOTE | |||
r-devel-windows-x86_64 | 5.0 | 23.00 | 125.00 | 148.00 | NOTE | |
r-patched-linux-x86_64 | 5.0 | 38.22 | 163.74 | 201.96 | NOTE | |
r-release-linux-x86_64 | 5.0 | 34.44 | 161.50 | 195.94 | NOTE | |
r-release-macos-arm64 | 5.0 | 115.00 | NOTE | |||
r-release-macos-x86_64 | 5.0 | 136.00 | NOTE | |||
r-release-windows-x86_64 | 5.0 | 23.00 | 128.00 | 151.00 | NOTE | |
r-oldrel-macos-arm64 | 5.0 | 82.00 | NOTE | |||
r-oldrel-macos-x86_64 | 5.0 | 158.00 | NOTE | |||
r-oldrel-windows-x86_64 | 5.0 | 30.00 | 147.00 | 177.00 | NOTE |
Version: 5.0
Check: Rd files
Result: NOTE
checkRd: (-1) llwrPTF.Rd:7: Escaped LaTeX specials: \&
Flavors: r-devel-linux-x86_64-debian-clang, r-devel-linux-x86_64-debian-gcc, r-devel-linux-x86_64-fedora-clang, r-devel-linux-x86_64-fedora-gcc, r-devel-windows-x86_64, r-patched-linux-x86_64, r-release-linux-x86_64, r-release-macos-arm64, r-release-macos-x86_64, r-release-windows-x86_64, r-oldrel-macos-arm64, r-oldrel-macos-x86_64, r-oldrel-windows-x86_64
Version: 5.0
Check: installed package size
Result: NOTE
installed size is 5.2Mb
sub-directories of 1Mb or more:
R 3.3Mb
doc 1.1Mb
Flavors: r-devel-linux-x86_64-fedora-clang, r-devel-windows-x86_64, r-release-macos-arm64, r-release-macos-x86_64, r-release-windows-x86_64, r-oldrel-macos-arm64, r-oldrel-macos-x86_64, r-oldrel-windows-x86_64