Last updated on 2024-08-16 15:49:43 CEST.
Flavor | Version | Tinstall | Tcheck | Ttotal | Status | Flags |
---|---|---|---|---|---|---|
r-devel-linux-x86_64-debian-clang | 0.8.21 | 8.62 | 82.32 | 90.94 | NOTE | |
r-devel-linux-x86_64-debian-gcc | 0.8.21 | 5.85 | 60.74 | 66.59 | NOTE | |
r-devel-linux-x86_64-fedora-clang | 0.8.21 | 148.27 | NOTE | |||
r-devel-linux-x86_64-fedora-gcc | 0.8.21 | 150.48 | NOTE | |||
r-devel-windows-x86_64 | 0.8.21 | 11.00 | 90.00 | 101.00 | NOTE | |
r-patched-linux-x86_64 | 0.8.21 | 8.07 | 77.44 | 85.51 | NOTE | |
r-release-linux-x86_64 | 0.8.21 | 7.77 | 79.02 | 86.79 | NOTE | |
r-release-macos-arm64 | 0.8.21 | 45.00 | NOTE | |||
r-release-macos-x86_64 | 0.8.21 | 69.00 | NOTE | |||
r-release-windows-x86_64 | 0.8.21 | 12.00 | 90.00 | 102.00 | NOTE | |
r-oldrel-macos-arm64 | 0.8.21 | 50.00 | OK | |||
r-oldrel-macos-x86_64 | 0.8.21 | 111.00 | OK | |||
r-oldrel-windows-x86_64 | 0.8.21 | 12.00 | 106.00 | 118.00 | OK |
Version: 0.8.21
Check: Rd files
Result: NOTE
checkRd: (-1) load_sorvi_data.Rd:23: Lost braces in \itemize; meant \describe ?
Flavors: r-devel-linux-x86_64-debian-clang, r-devel-linux-x86_64-debian-gcc, r-devel-linux-x86_64-fedora-clang, r-devel-linux-x86_64-fedora-gcc, r-devel-windows-x86_64, r-patched-linux-x86_64, r-release-linux-x86_64, r-release-macos-arm64, r-release-macos-x86_64, r-release-windows-x86_64
Version: 0.8.21
Check: data for non-ASCII characters
Result: NOTE
Note: found 1245 marked UTF-8 strings
Flavors: r-devel-linux-x86_64-fedora-clang, r-devel-linux-x86_64-fedora-gcc