Last updated on 2024-08-16 15:49:43 CEST.
Flavor | Version | Tinstall | Tcheck | Ttotal | Status | Flags |
---|---|---|---|---|---|---|
r-devel-linux-x86_64-debian-clang | 0.3.0 | 6.16 | 90.99 | 97.15 | OK | |
r-devel-linux-x86_64-debian-gcc | 0.3.0 | 4.23 | 66.71 | 70.94 | OK | |
r-devel-linux-x86_64-fedora-clang | 0.3.0 | 149.88 | NOTE | |||
r-devel-linux-x86_64-fedora-gcc | 0.3.0 | 145.11 | NOTE | |||
r-devel-windows-x86_64 | 0.3.0 | 11.00 | 115.00 | 126.00 | OK | |
r-patched-linux-x86_64 | 0.3.0 | 5.97 | 86.39 | 92.36 | OK | |
r-release-linux-x86_64 | 0.3.0 | 6.37 | 84.32 | 90.69 | OK | |
r-release-macos-arm64 | 0.3.0 | 42.00 | OK | |||
r-release-macos-x86_64 | 0.3.0 | 90.00 | OK | |||
r-release-windows-x86_64 | 0.3.0 | 11.00 | 116.00 | 127.00 | OK | |
r-oldrel-macos-arm64 | 0.3.0 | 48.00 | OK | |||
r-oldrel-macos-x86_64 | 0.3.0 | 94.00 | OK | |||
r-oldrel-windows-x86_64 | 0.3.0 | 13.00 | 147.00 | 160.00 | OK |
Version: 0.3.0
Check: data for non-ASCII characters
Result: NOTE
Note: found 2 marked UTF-8 strings
Flavors: r-devel-linux-x86_64-fedora-clang, r-devel-linux-x86_64-fedora-gcc