Last updated on 2024-08-16 03:49:38 CEST.
Flavor | Version | Tinstall | Tcheck | Ttotal | Status | Flags |
---|---|---|---|---|---|---|
r-devel-linux-x86_64-debian-clang | 0.1.1 | 52.20 | 426.28 | 478.48 | OK | |
r-devel-linux-x86_64-debian-gcc | 0.1.1 | 40.41 | 315.97 | 356.38 | OK | |
r-devel-linux-x86_64-fedora-clang | 0.1.1 | 781.42 | OK | |||
r-devel-linux-x86_64-fedora-gcc | 0.1.1 | 785.43 | OK | |||
r-devel-windows-x86_64 | 0.1.1 | 53.00 | 354.00 | 407.00 | OK | |
r-patched-linux-x86_64 | 0.1.1 | 53.17 | 400.86 | 454.03 | OK | |
r-release-linux-x86_64 | 0.1.1 | 46.52 | 410.65 | 457.17 | OK | |
r-release-macos-arm64 | 0.1.1 | 199.00 | OK | |||
r-release-macos-x86_64 | 0.1.1 | 578.00 | OK | |||
r-release-windows-x86_64 | 0.1.1 | 54.00 | 362.00 | 416.00 | OK | |
r-oldrel-macos-arm64 | 0.1.1 | 11.00 | ERROR | |||
r-oldrel-macos-x86_64 | 0.1.1 | 23.00 | ERROR | |||
r-oldrel-windows-x86_64 | 0.1.1 | 72.00 | 487.00 | 559.00 | OK |
Version: 0.1.1
Check: package dependencies
Result: ERROR
Package required but not available: ‘GSVA’
See section ‘The DESCRIPTION file’ in the ‘Writing R Extensions’
manual.
Flavors: r-oldrel-macos-arm64, r-oldrel-macos-x86_64