Last updated on 2024-06-26 15:54:58 CEST.
Flavor | Version | Tinstall | Tcheck | Ttotal | Status | Flags |
---|---|---|---|---|---|---|
r-devel-linux-x86_64-debian-clang | 0.1.0 | NOTE | ||||
r-devel-linux-x86_64-debian-gcc | 0.1.0 | 1.55 | 17.92 | 19.47 | NOTE | |
r-devel-linux-x86_64-fedora-clang | 0.1.0 | 32.96 | NOTE | |||
r-devel-linux-x86_64-fedora-gcc | 0.1.0 | 31.17 | NOTE | |||
r-devel-windows-x86_64 | 0.1.0 | 4.00 | 40.00 | 44.00 | NOTE | |
r-patched-linux-x86_64 | 0.1.0 | 1.81 | 22.57 | 24.38 | NOTE | |
r-release-linux-x86_64 | 0.1.0 | 1.86 | 22.57 | 24.43 | NOTE | |
r-release-macos-arm64 | 0.1.0 | 14.00 | NOTE | |||
r-release-macos-x86_64 | 0.1.0 | 20.00 | NOTE | |||
r-release-windows-x86_64 | 0.1.0 | 2.00 | 42.00 | 44.00 | NOTE | |
r-oldrel-macos-arm64 | 0.1.0 | 17.00 | OK | |||
r-oldrel-macos-x86_64 | 0.1.0 | 34.00 | OK | |||
r-oldrel-windows-x86_64 | 0.1.0 | 3.00 | 42.00 | 45.00 | OK |
Version: 0.1.0
Check: Rd files
Result: NOTE
checkRd: (-1) suggests.Rd:14: Lost braces; missing escapes or markup?
14 | {suggests} aims to make that workflow as minimal and painless as possible,
| ^
Flavors: r-devel-linux-x86_64-debian-clang, r-devel-linux-x86_64-debian-gcc, r-devel-linux-x86_64-fedora-clang, r-devel-linux-x86_64-fedora-gcc, r-devel-windows-x86_64, r-patched-linux-x86_64, r-release-linux-x86_64, r-release-macos-arm64, r-release-macos-x86_64, r-release-windows-x86_64