Last updated on 2024-08-16 03:49:38 CEST.
Flavor | Version | Tinstall | Tcheck | Ttotal | Status | Flags |
---|---|---|---|---|---|---|
r-devel-linux-x86_64-debian-clang | 0.1.0 | 1.77 | 18.62 | 20.39 | NOTE | |
r-devel-linux-x86_64-debian-gcc | 0.1.0 | 1.38 | 14.92 | 16.30 | NOTE | |
r-devel-linux-x86_64-fedora-clang | 0.1.0 | 33.53 | NOTE | |||
r-devel-linux-x86_64-fedora-gcc | 0.1.0 | 31.27 | NOTE | |||
r-devel-windows-x86_64 | 0.1.0 | 3.00 | 41.00 | 44.00 | NOTE | |
r-patched-linux-x86_64 | 0.1.0 | 1.68 | 17.92 | 19.60 | NOTE | |
r-release-linux-x86_64 | 0.1.0 | 1.61 | 17.93 | 19.54 | NOTE | |
r-release-macos-arm64 | 0.1.0 | 14.00 | NOTE | |||
r-release-macos-x86_64 | 0.1.0 | 20.00 | NOTE | |||
r-release-windows-x86_64 | 0.1.0 | 3.00 | 40.00 | 43.00 | NOTE | |
r-oldrel-macos-arm64 | 0.1.0 | 17.00 | OK | |||
r-oldrel-macos-x86_64 | 0.1.0 | 34.00 | OK | |||
r-oldrel-windows-x86_64 | 0.1.0 | 3.00 | 42.00 | 45.00 | OK |
Version: 0.1.0
Check: Rd files
Result: NOTE
checkRd: (-1) suggests.Rd:14: Lost braces; missing escapes or markup?
14 | {suggests} aims to make that workflow as minimal and painless as possible,
| ^
Flavors: r-devel-linux-x86_64-debian-clang, r-devel-linux-x86_64-debian-gcc, r-devel-linux-x86_64-fedora-clang, r-devel-linux-x86_64-fedora-gcc, r-devel-windows-x86_64, r-patched-linux-x86_64, r-release-linux-x86_64, r-release-macos-arm64, r-release-macos-x86_64, r-release-windows-x86_64