Last updated on 2024-07-12 03:55:50 CEST.
Flavor | Version | Tinstall | Tcheck | Ttotal | Status | Flags |
---|---|---|---|---|---|---|
r-devel-linux-x86_64-debian-clang | 2.4.5 | 8.77 | 63.41 | 72.18 | NOTE | |
r-devel-linux-x86_64-debian-gcc | 2.4.5 | 6.10 | 46.94 | 53.04 | NOTE | |
r-devel-linux-x86_64-fedora-clang | 2.4.5 | 86.81 | NOTE | |||
r-devel-linux-x86_64-fedora-gcc | 2.4.5 | 83.11 | NOTE | |||
r-devel-windows-x86_64 | 2.4.5 | 8.00 | 83.00 | 91.00 | NOTE | |
r-patched-linux-x86_64 | 2.4.5 | 5.50 | 60.17 | 65.67 | NOTE | |
r-release-linux-x86_64 | 2.4.5 | 4.87 | 60.63 | 65.50 | NOTE | |
r-release-macos-arm64 | 2.4.5 | 30.00 | NOTE | |||
r-release-macos-x86_64 | 2.4.5 | 43.00 | NOTE | |||
r-release-windows-x86_64 | 2.4.5 | 8.00 | 84.00 | 92.00 | NOTE | |
r-oldrel-macos-arm64 | 2.4.5 | 31.00 | NOTE | |||
r-oldrel-macos-x86_64 | 2.4.5 | 50.00 | NOTE | |||
r-oldrel-windows-x86_64 | 2.4.5 | 10.00 | 103.00 | 113.00 | NOTE |
Version: 2.4.5
Check: LazyData
Result: NOTE
'LazyData' is specified without a 'data' directory
Flavors: r-devel-linux-x86_64-debian-clang, r-devel-linux-x86_64-debian-gcc, r-devel-linux-x86_64-fedora-clang, r-devel-linux-x86_64-fedora-gcc, r-devel-windows-x86_64, r-patched-linux-x86_64, r-release-linux-x86_64, r-release-macos-arm64, r-release-macos-x86_64, r-release-windows-x86_64, r-oldrel-macos-arm64, r-oldrel-macos-x86_64, r-oldrel-windows-x86_64