Last updated on 2024-06-15 15:49:19 CEST.
Flavor | Version | Tinstall | Tcheck | Ttotal | Status | Flags |
---|---|---|---|---|---|---|
r-devel-linux-x86_64-debian-clang | 0.15.1 | 13.98 | 229.89 | 243.87 | NOTE | |
r-devel-linux-x86_64-debian-gcc | 0.15.1 | 14.19 | 169.19 | 183.38 | NOTE | |
r-devel-linux-x86_64-fedora-clang | 0.15.1 | 305.58 | NOTE | |||
r-devel-linux-x86_64-fedora-gcc | 0.15.1 | 307.70 | NOTE | |||
r-devel-windows-x86_64 | 0.15.1 | 18.00 | 272.00 | 290.00 | NOTE | |
r-patched-linux-x86_64 | 0.15.1 | 54.16 | 216.92 | 271.08 | NOTE | |
r-release-linux-x86_64 | 0.15.1 | 16.17 | 222.46 | 238.63 | NOTE | |
r-release-macos-arm64 | 0.15.1 | 81.00 | NOTE | |||
r-release-macos-x86_64 | 0.15.1 | 123.00 | NOTE | |||
r-release-windows-x86_64 | 0.15.1 | 19.00 | 274.00 | 293.00 | NOTE | |
r-oldrel-macos-arm64 | 0.15.1 | 91.00 | OK | |||
r-oldrel-macos-x86_64 | 0.15.1 | 148.00 | OK | |||
r-oldrel-windows-x86_64 | 0.15.1 | 23.00 | 329.00 | 352.00 | OK |
Version: 0.15.1
Check: Rd files
Result: NOTE
checkRd: (-1) tfd_von_mises_fisher.Rd:63: Lost braces; missing escapes or markup?
63 | NOTE: Currently only n in {2, 3, 4, 5} are supported. For n=5 some numerical
| ^
Flavors: r-devel-linux-x86_64-debian-clang, r-devel-linux-x86_64-debian-gcc, r-devel-linux-x86_64-fedora-clang, r-devel-linux-x86_64-fedora-gcc, r-devel-windows-x86_64, r-patched-linux-x86_64, r-release-linux-x86_64, r-release-macos-arm64, r-release-macos-x86_64, r-release-windows-x86_64