Last updated on 2024-06-26 15:54:59 CEST.
Flavor | Version | Tinstall | Tcheck | Ttotal | Status | Flags |
---|---|---|---|---|---|---|
r-devel-linux-x86_64-debian-clang | 2.4.0 | WARN | ||||
r-devel-linux-x86_64-debian-gcc | 2.4.0 | 17.04 | 37.51 | 54.55 | WARN | |
r-devel-linux-x86_64-fedora-clang | 2.4.0 | 90.84 | WARN | |||
r-devel-linux-x86_64-fedora-gcc | 2.4.0 | 105.05 | WARN | |||
r-devel-windows-x86_64 | 2.4.0 | 36.00 | 67.00 | 103.00 | WARN | |
r-patched-linux-x86_64 | 2.4.0 | 21.68 | 49.22 | 70.90 | OK | |
r-release-linux-x86_64 | 2.4.0 | 18.73 | 49.07 | 67.80 | OK | |
r-release-macos-arm64 | 2.4.0 | 30.00 | OK | |||
r-release-macos-x86_64 | 2.4.0 | 45.00 | OK | |||
r-release-windows-x86_64 | 2.4.0 | 34.00 | 66.00 | 100.00 | OK | |
r-oldrel-macos-arm64 | 2.4.0 | 37.00 | OK | |||
r-oldrel-macos-x86_64 | 2.4.0 | 108.00 | OK | |||
r-oldrel-windows-x86_64 | 2.4.0 | 39.00 | 77.00 | 116.00 | OK |
Version: 2.4.0
Check: compiled code
Result: WARN
File ‘this.path/libs/this.path.so’:
Found non-API calls to R: ‘DDVAL’, ‘ENSURE_NAMEDMAX’, ‘ENVFLAGS’,
‘HASHTAB’, ‘INTERNAL’, ‘IS_ASCII’, ‘IS_UTF8’, ‘PRCODE’, ‘PRENV’,
‘PRSEEN’, ‘PRVALUE’, ‘R_PromiseExpr’, ‘SETLENGTH’, ‘SET_BODY’,
‘SET_CLOENV’, ‘SET_ENVFLAGS’, ‘SET_FORMALS’, ‘SET_GROWABLE_BIT’,
‘SET_PRCODE’, ‘SET_PRENV’, ‘SET_PRSEEN’, ‘SET_PRVALUE’,
‘SET_S4_OBJECT’, ‘SET_TRUELENGTH’, ‘SET_TYPEOF’, ‘TRUELENGTH’,
‘ddfind’
These entry points may be removed soon:
‘ddfind’, ‘DDVAL’, ‘ENSURE_NAMEDMAX’, ‘INTERNAL’
Compiled code should not call non-API entry points in R.
See ‘Writing portable packages’ in the ‘Writing R Extensions’ manual.
Flavor: r-devel-linux-x86_64-debian-clang
Version: 2.4.0
Check: compiled code
Result: WARN
File ‘this.path/libs/this.path.so’:
Found non-API calls to R: ‘DDVAL’, ‘ENSURE_NAMEDMAX’, ‘ENVFLAGS’,
‘HASHTAB’, ‘INTERNAL’, ‘IS_ASCII’, ‘IS_UTF8’, ‘PRCODE’, ‘PRENV’,
‘PRSEEN’, ‘PRVALUE’, ‘R_PromiseExpr’, ‘SETLENGTH’, ‘SET_BODY’,
‘SET_CLOENV’, ‘SET_ENVFLAGS’, ‘SET_FORMALS’, ‘SET_GROWABLE_BIT’,
‘SET_PRCODE’, ‘SET_PRENV’, ‘SET_PRSEEN’, ‘SET_PRVALUE’,
‘SET_S4_OBJECT’, ‘SET_TRUELENGTH’, ‘SET_TYPEOF’, ‘TRUELENGTH’,
‘ddfind’
These entry points may be removed soon:
‘ddfind’, ‘DDVAL’, ‘ENSURE_NAMEDMAX’, ‘INTERNAL’, ‘PRSEEN’, ‘SET_PRSEEN’
Compiled code should not call non-API entry points in R.
See ‘Writing portable packages’ in the ‘Writing R Extensions’ manual.
Flavors: r-devel-linux-x86_64-debian-gcc, r-devel-linux-x86_64-fedora-clang, r-devel-linux-x86_64-fedora-gcc
Version: 2.4.0
Check: compiled code
Result: WARN
File 'this.path/libs/x64/this.path.dll':
Found non-API calls to R: 'DDVAL', 'ENSURE_NAMEDMAX', 'ENVFLAGS',
'HASHTAB', 'INTERNAL', 'IS_ASCII', 'IS_UTF8', 'PRCODE', 'PRENV',
'PRSEEN', 'PRVALUE', 'R_PromiseExpr', 'SETLENGTH', 'SET_BODY',
'SET_CLOENV', 'SET_ENVFLAGS', 'SET_FORMALS', 'SET_GROWABLE_BIT',
'SET_PRCODE', 'SET_PRENV', 'SET_PRSEEN', 'SET_PRVALUE',
'SET_S4_OBJECT', 'SET_TRUELENGTH', 'SET_TYPEOF', 'TRUELENGTH',
'ddfind'
These entry points may be removed soon:
'ddfind', 'DDVAL', 'ENSURE_NAMEDMAX', 'INTERNAL'
Compiled code should not call non-API entry points in R.
See 'Writing portable packages' in the 'Writing R Extensions' manual.
Flavor: r-devel-windows-x86_64