Last updated on 2024-07-12 03:55:50 CEST.
Flavor | Version | Tinstall | Tcheck | Ttotal | Status | Flags |
---|---|---|---|---|---|---|
r-devel-linux-x86_64-debian-clang | 0.3.2 | 6.58 | 300.57 | 307.15 | NOTE | |
r-devel-linux-x86_64-debian-gcc | 0.3.2 | 6.03 | 214.29 | 220.32 | NOTE | |
r-devel-linux-x86_64-fedora-clang | 0.3.2 | 376.32 | NOTE | |||
r-devel-linux-x86_64-fedora-gcc | 0.3.2 | 368.64 | NOTE | |||
r-devel-windows-x86_64 | 0.3.2 | 9.00 | 206.00 | 215.00 | NOTE | |
r-patched-linux-x86_64 | 0.3.2 | 7.49 | 287.75 | 295.24 | NOTE | |
r-release-linux-x86_64 | 0.3.2 | 5.08 | 293.00 | 298.08 | NOTE | |
r-release-macos-arm64 | 0.3.2 | 96.00 | NOTE | |||
r-release-macos-x86_64 | 0.3.2 | 174.00 | NOTE | |||
r-release-windows-x86_64 | 0.3.2 | 10.00 | 204.00 | 214.00 | NOTE | |
r-oldrel-macos-arm64 | 0.3.2 | 119.00 | OK | |||
r-oldrel-macos-x86_64 | 0.3.2 | 210.00 | OK | |||
r-oldrel-windows-x86_64 | 0.3.2 | 10.00 | 280.00 | 290.00 | OK |
Version: 0.3.2
Check: Rd files
Result: NOTE
checkRd: (-1) json_schema.Rd:33: Lost braces; missing escapes or markup?
33 | \item object -> {"name": <type>} e.g., {"age": 32} -> {"age": "number"}
| ^
checkRd: (-1) json_schema.Rd:33: Lost braces; missing escapes or markup?
33 | \item object -> {"name": <type>} e.g., {"age": 32} -> {"age": "number"}
| ^
checkRd: (-1) json_schema.Rd:33: Lost braces; missing escapes or markup?
33 | \item object -> {"name": <type>} e.g., {"age": 32} -> {"age": "number"}
| ^
Flavors: r-devel-linux-x86_64-debian-clang, r-devel-linux-x86_64-debian-gcc, r-devel-linux-x86_64-fedora-clang, r-devel-linux-x86_64-fedora-gcc, r-devel-windows-x86_64, r-patched-linux-x86_64, r-release-linux-x86_64, r-release-macos-arm64, r-release-macos-x86_64, r-release-windows-x86_64