Last updated on 2024-08-16 15:49:45 CEST.
Flavor | Version | Tinstall | Tcheck | Ttotal | Status | Flags |
---|---|---|---|---|---|---|
r-devel-linux-x86_64-debian-clang | 0.2-17 | 13.57 | 102.32 | 115.89 | OK | |
r-devel-linux-x86_64-debian-gcc | 0.2-17 | 8.51 | 73.26 | 81.77 | OK | |
r-devel-linux-x86_64-fedora-clang | 0.2-17 | 198.92 | NOTE | |||
r-devel-linux-x86_64-fedora-gcc | 0.2-17 | 210.66 | NOTE | |||
r-devel-windows-x86_64 | 0.2-17 | 16.00 | 147.00 | 163.00 | OK | |
r-patched-linux-x86_64 | 0.2-16 | 14.29 | 99.76 | 114.05 | OK | |
r-release-linux-x86_64 | 0.2-17 | 12.82 | 100.59 | 113.41 | OK | |
r-release-macos-arm64 | 0.2-16 | 65.00 | OK | |||
r-release-macos-x86_64 | 0.2-17 | 211.00 | OK | |||
r-release-windows-x86_64 | 0.2-17 | 18.00 | 188.00 | 206.00 | OK | |
r-oldrel-macos-arm64 | 0.2-16 | 101.00 | OK | |||
r-oldrel-macos-x86_64 | 0.2-17 | 263.00 | OK | |||
r-oldrel-windows-x86_64 | 0.2-17 | 19.00 | 170.00 | 189.00 | OK |
Version: 0.2-17
Check: data for non-ASCII characters
Result: NOTE
Note: found 91 marked UTF-8 strings
Flavors: r-devel-linux-x86_64-fedora-clang, r-devel-linux-x86_64-fedora-gcc