Last updated on 2024-08-16 15:49:45 CEST.
Flavor | Version | Tinstall | Tcheck | Ttotal | Status | Flags |
---|---|---|---|---|---|---|
r-devel-linux-x86_64-debian-clang | 1.0.6 | 130.56 | 236.50 | 367.06 | OK | |
r-devel-linux-x86_64-debian-gcc | 1.0.6 | 110.39 | 171.24 | 281.63 | OK | |
r-devel-linux-x86_64-fedora-clang | 1.0.6 | 581.57 | OK | |||
r-devel-linux-x86_64-fedora-gcc | 1.0.6 | 737.02 | OK | |||
r-devel-windows-x86_64 | 1.0.6 | 119.00 | 315.00 | 434.00 | NOTE | |
r-patched-linux-x86_64 | 1.0.6 | 158.28 | 232.06 | 390.34 | OK | |
r-release-linux-x86_64 | 1.0.6 | 155.25 | 232.26 | 387.51 | OK | |
r-release-macos-arm64 | 1.0.6 | 186.00 | NOTE | |||
r-release-macos-x86_64 | 1.0.6 | 522.00 | NOTE | |||
r-release-windows-x86_64 | 1.0.6 | 125.00 | 313.00 | 438.00 | NOTE | |
r-oldrel-macos-arm64 | 1.0.6 | 223.00 | NOTE | |||
r-oldrel-macos-x86_64 | 1.0.6 | 404.00 | NOTE | |||
r-oldrel-windows-x86_64 | 1.0.6 | 157.00 | 363.00 | 520.00 | NOTE |
Version: 1.0.6
Check: installed package size
Result: NOTE
installed size is 16.0Mb
sub-directories of 1Mb or more:
doc 2.1Mb
libs 13.3Mb
Flavors: r-devel-windows-x86_64, r-release-macos-arm64, r-release-macos-x86_64, r-release-windows-x86_64, r-oldrel-macos-arm64, r-oldrel-macos-x86_64, r-oldrel-windows-x86_64