Last updated on 2024-05-21 03:55:34 CEST.
Flavor | Version | Tinstall | Tcheck | Ttotal | Status | Flags |
---|---|---|---|---|---|---|
r-devel-linux-x86_64-debian-clang | 1.3-9.1 | 10.95 | 40.31 | 51.26 | OK | |
r-devel-linux-x86_64-debian-gcc | 1.3-9.1 | 7.40 | 29.90 | 37.30 | OK | |
r-devel-linux-x86_64-fedora-clang | 1.3-9.1 | 63.01 | NOTE | |||
r-devel-linux-x86_64-fedora-gcc | 1.3-9.1 | 58.16 | OK | |||
r-devel-windows-x86_64 | 1.3-9.1 | 11.00 | 63.00 | 74.00 | OK | |
r-patched-linux-x86_64 | 1.3-9.1 | 9.78 | 39.13 | 48.91 | OK | |
r-release-linux-x86_64 | 1.3-9.1 | 7.54 | 38.77 | 46.31 | OK | |
r-release-macos-arm64 | 1.3-9.1 | 21.00 | OK | |||
r-release-windows-x86_64 | 1.3-9.1 | 11.00 | 63.00 | 74.00 | OK | |
r-oldrel-macos-arm64 | 1.3-9.1 | 25.00 | OK | |||
r-oldrel-macos-x86_64 | 1.3-9.1 | 37.00 | OK | |||
r-oldrel-windows-x86_64 | 1.3-9.1 | 13.00 | 68.00 | 81.00 | OK |
Version: 1.3-9.1
Check: Rd cross-references
Result: NOTE
Undeclared package ‘akima’ in Rd xrefs
Flavor: r-devel-linux-x86_64-fedora-clang