Last updated on 2024-08-16 15:49:45 CEST.
Flavor | Version | Tinstall | Tcheck | Ttotal | Status | Flags |
---|---|---|---|---|---|---|
r-devel-linux-x86_64-debian-clang | 0.3.5 | 6.12 | 202.01 | 208.13 | NOTE | |
r-devel-linux-x86_64-debian-gcc | 0.3.5 | 4.10 | 140.34 | 144.44 | NOTE | |
r-devel-linux-x86_64-fedora-clang | 0.3.5 | 343.93 | OK | |||
r-devel-linux-x86_64-fedora-gcc | 0.3.5 | 352.36 | OK | |||
r-devel-windows-x86_64 | 0.3.5 | 7.00 | 129.00 | 136.00 | NOTE | --no-vignettes |
r-patched-linux-x86_64 | 0.3.5 | 12.02 | 190.73 | 202.75 | OK | |
r-release-linux-x86_64 | 0.3.5 | 5.23 | 192.07 | 197.30 | OK | |
r-release-macos-arm64 | 0.3.5 | 81.00 | OK | |||
r-release-macos-x86_64 | 0.3.5 | 133.00 | OK | |||
r-release-windows-x86_64 | 0.3.5 | 7.00 | 128.00 | 135.00 | OK | --no-vignettes |
r-oldrel-macos-arm64 | 0.3.5 | 82.00 | OK | |||
r-oldrel-macos-x86_64 | 0.3.5 | 141.00 | OK | |||
r-oldrel-windows-x86_64 | 0.3.5 | 9.00 | 149.00 | 158.00 | OK | --no-vignettes |
Version: 0.3.5
Check: Rd cross-references
Result: NOTE
Found the following Rd file(s) with Rd \link{} targets missing package
anchors:
density.Rd: networkDynamic
durations.Rd: net.obs.period, as.data.frame.networkDynamic,
get.vertex.activity
incidence.Rd: networkDynamic
plotpath.Rd: plot.network
tDegree.Rd: networkDynamic
tErgmStats.Rd: networkDynamic, network.collapse
tSnaStats.Rd: network.collapse
tiedDuration.Rd: networkDynamic
timeProjectedNetwork.Rd: networkDynamic, network.collapse,
get.networks, network
Please provide package anchors for all Rd \link{} targets not in the
package itself and the base packages.
Flavors: r-devel-linux-x86_64-debian-clang, r-devel-linux-x86_64-debian-gcc
Version: 0.3.5
Flags: --no-vignettes
Check: Rd cross-references
Result: NOTE
Found the following Rd file(s) with Rd \link{} targets missing package
anchors:
density.Rd: networkDynamic
durations.Rd: net.obs.period, as.data.frame.networkDynamic,
get.vertex.activity
incidence.Rd: networkDynamic
plotpath.Rd: plot.network
tDegree.Rd: networkDynamic
tErgmStats.Rd: networkDynamic, network.collapse
tSnaStats.Rd: network.collapse
tiedDuration.Rd: networkDynamic
timeProjectedNetwork.Rd: networkDynamic, network.collapse,
get.networks, network
Please provide package anchors for all Rd \link{} targets not in the
package itself and the base packages.
Flavor: r-devel-windows-x86_64