Last updated on 2024-06-15 15:49:20 CEST.
Flavor | Version | Tinstall | Tcheck | Ttotal | Status | Flags |
---|---|---|---|---|---|---|
r-devel-linux-x86_64-debian-clang | 1.0.0 | 3.23 | 28.94 | 32.17 | NOTE | |
r-devel-linux-x86_64-debian-gcc | 1.0.0 | 2.43 | 22.28 | 24.71 | NOTE | |
r-devel-linux-x86_64-fedora-clang | 1.0.0 | 43.01 | NOTE | |||
r-devel-linux-x86_64-fedora-gcc | 1.0.0 | 51.97 | NOTE | |||
r-devel-windows-x86_64 | 1.0.0 | 4.00 | 50.00 | 54.00 | NOTE | |
r-patched-linux-x86_64 | 1.0.0 | 3.05 | 28.61 | 31.66 | NOTE | |
r-release-linux-x86_64 | 1.0.0 | 2.25 | 27.47 | 29.72 | NOTE | |
r-release-macos-arm64 | 1.0.0 | 22.00 | NOTE | |||
r-release-macos-x86_64 | 1.0.0 | 32.00 | NOTE | |||
r-release-windows-x86_64 | 1.0.0 | 4.00 | 54.00 | 58.00 | NOTE | |
r-oldrel-macos-arm64 | 1.0.0 | 23.00 | NOTE | |||
r-oldrel-macos-x86_64 | 1.0.0 | 33.00 | NOTE | |||
r-oldrel-windows-x86_64 | 1.0.0 | 4.00 | 53.00 | 57.00 | NOTE |
Version: 1.0.0
Check: LazyData
Result: NOTE
'LazyData' is specified without a 'data' directory
Flavors: r-devel-linux-x86_64-debian-clang, r-devel-linux-x86_64-debian-gcc, r-devel-linux-x86_64-fedora-clang, r-devel-linux-x86_64-fedora-gcc, r-devel-windows-x86_64, r-patched-linux-x86_64, r-release-linux-x86_64, r-release-macos-arm64, r-release-macos-x86_64, r-release-windows-x86_64, r-oldrel-macos-arm64, r-oldrel-macos-x86_64, r-oldrel-windows-x86_64