Last updated on 2024-08-16 15:49:46 CEST.
Flavor | Version | Tinstall | Tcheck | Ttotal | Status | Flags |
---|---|---|---|---|---|---|
r-devel-linux-x86_64-debian-clang | 2.6-6.1 | 39.72 | 276.06 | 315.78 | NOTE | |
r-devel-linux-x86_64-debian-gcc | 2.6-6.1 | 23.13 | 177.19 | 200.32 | NOTE | |
r-devel-linux-x86_64-fedora-clang | 2.6-6.1 | 507.80 | OK | |||
r-devel-linux-x86_64-fedora-gcc | 2.6-6.1 | 515.73 | OK | |||
r-devel-windows-x86_64 | 2.6-6.1 | 45.00 | 365.00 | 410.00 | NOTE | |
r-patched-linux-x86_64 | 2.6-6.1 | 47.08 | 265.33 | 312.41 | OK | |
r-release-linux-x86_64 | 2.6-6.1 | 36.89 | 263.01 | 299.90 | OK | |
r-release-macos-arm64 | 2.6-6.1 | 139.00 | OK | |||
r-release-macos-x86_64 | 2.6-6.1 | 263.00 | OK | |||
r-release-windows-x86_64 | 2.6-6.1 | 43.00 | 365.00 | 408.00 | OK | |
r-oldrel-macos-arm64 | 2.6-6.1 | 154.00 | OK | |||
r-oldrel-macos-x86_64 | 2.6-6.1 | 450.00 | OK | |||
r-oldrel-windows-x86_64 | 2.6-6.1 | 56.00 | 411.00 | 467.00 | OK |
Version: 2.6-6.1
Check: Rd cross-references
Result: NOTE
Found the following Rd file(s) with Rd \link{} targets missing package
anchors:
metaMDS.Rd: isoMDS
permutations.Rd: how
permutest.betadisper.Rd: how
Please provide package anchors for all Rd \link{} targets not in the
package itself and the base packages.
Flavors: r-devel-linux-x86_64-debian-clang, r-devel-linux-x86_64-debian-gcc, r-devel-windows-x86_64