Last updated on 2024-08-08 15:48:36 CEST.
Flavor | Version | Tinstall | Tcheck | Ttotal | Status | Flags |
---|---|---|---|---|---|---|
r-devel-linux-x86_64-debian-clang | 0.2.18 | 10.01 | 66.90 | 76.91 | NOTE | |
r-devel-linux-x86_64-debian-gcc | 0.2.18 | 6.67 | 48.45 | 55.12 | NOTE | |
r-devel-linux-x86_64-fedora-clang | 0.2.18 | 123.49 | NOTE | |||
r-devel-linux-x86_64-fedora-gcc | 0.2.18 | 140.11 | NOTE | |||
r-devel-windows-x86_64 | 0.2.18 | 20.00 | 86.00 | 106.00 | NOTE | |
r-patched-linux-x86_64 | 0.2.18 | 9.58 | 64.31 | 73.89 | OK | |
r-release-linux-x86_64 | 0.2.18 | 9.43 | 65.44 | 74.87 | OK | |
r-release-macos-arm64 | 0.2.18 | 72.00 | OK | |||
r-release-macos-x86_64 | 0.2.18 | 156.00 | OK | |||
r-release-windows-x86_64 | 0.2.18 | 19.00 | 87.00 | 106.00 | OK | |
r-oldrel-macos-arm64 | 0.2.18 | 63.00 | ERROR | |||
r-oldrel-macos-x86_64 | 0.2.18 | 118.00 | ERROR | |||
r-oldrel-windows-x86_64 | 0.2.18 | 21.00 | 103.00 | 124.00 | OK |
Version: 0.2.18
Check: compiled code
Result: NOTE
File ‘vetr/libs/vetr.so’:
Found non-API call to R: ‘SET_TYPEOF’
Compiled code should not call non-API entry points in R.
See ‘Writing portable packages’ in the ‘Writing R Extensions’ manual,
and section ‘Moving into C API compliance’ for issues with the use of
non-API entry points.
Flavors: r-devel-linux-x86_64-debian-clang, r-devel-linux-x86_64-debian-gcc, r-devel-linux-x86_64-fedora-clang, r-devel-linux-x86_64-fedora-gcc
Version: 0.2.18
Check: compiled code
Result: NOTE
File 'vetr/libs/x64/vetr.dll':
Found non-API call to R: 'SET_TYPEOF'
Compiled code should not call non-API entry points in R.
See 'Writing portable packages' in the 'Writing R Extensions' manual,
and section 'Moving into C API compliance' for issues with the use of
non-API entry points.
Flavor: r-devel-windows-x86_64
Version: 0.2.18
Check: running R code from vignettes
Result: ERROR
Errors in running code in vignettes:
when running code in ‘vetr.Rmd’
...
> stopifnot_iris <- function(x) {
+ stopifnot(is.data.frame(x), is.list(x), length(x) == length(iris),
+ identical(lapply(x, class), lapp .... [TRUNCATED]
> stopifnot_iris(iris.fake)
When sourcing ‘vetr.R’:
Error: identical(levels(x$Species), levels(iris$Species)) is not TRUE
Execution halted
‘alike.Rmd’... [2s/2s] OK
‘vetr.Rmd’... failed
Flavor: r-oldrel-macos-arm64
Version: 0.2.18
Check: running R code from vignettes
Result: ERROR
Errors in running code in vignettes:
when running code in ‘vetr.Rmd’
...
> stopifnot_iris <- function(x) {
+ stopifnot(is.data.frame(x), is.list(x), length(x) == length(iris),
+ identical(lapply(x, class), lapp .... [TRUNCATED]
> stopifnot_iris(iris.fake)
When sourcing ‘vetr.R’:
Error: identical(levels(x$Species), levels(iris$Species)) is not TRUE
Execution halted
‘alike.Rmd’... [3s/4s] OK
‘vetr.Rmd’... failed
Flavor: r-oldrel-macos-x86_64