Last updated on 2024-08-16 15:49:46 CEST.
Flavor | Version | Tinstall | Tcheck | Ttotal | Status | Flags |
---|---|---|---|---|---|---|
r-devel-linux-x86_64-debian-clang | 1.3.11 | 28.01 | 235.15 | 263.16 | OK | |
r-devel-linux-x86_64-debian-gcc | 1.3.11 | 20.68 | 165.02 | 185.70 | OK | |
r-devel-linux-x86_64-fedora-clang | 1.3.11 | 434.89 | NOTE | |||
r-devel-linux-x86_64-fedora-gcc | 1.3.11 | 355.59 | OK | |||
r-devel-windows-x86_64 | 1.3.11 | 25.00 | 191.00 | 216.00 | OK | |
r-patched-linux-x86_64 | 1.3.11 | 26.30 | 220.12 | 246.42 | OK | |
r-release-linux-x86_64 | 1.3.11 | 25.62 | 222.68 | 248.30 | OK | |
r-release-macos-arm64 | 1.3.11 | 200.00 | OK | |||
r-release-macos-x86_64 | 1.3.11 | 200.00 | OK | |||
r-release-windows-x86_64 | 1.3.11 | 25.00 | 188.00 | 213.00 | OK | |
r-oldrel-macos-arm64 | 1.3.11 | 112.00 | OK | |||
r-oldrel-macos-x86_64 | 1.3.11 | 263.00 | OK | |||
r-oldrel-windows-x86_64 | 1.3.11 | 31.00 | 231.00 | 262.00 | OK |
Version: 1.3.11
Check: package dependencies
Result: NOTE
Imports includes 26 non-default packages.
Importing from so many packages makes the package vulnerable to any of
them becoming unavailable. Move as many as possible to Suggests and
use conditionally.
Flavor: r-devel-linux-x86_64-fedora-clang