Last updated on 2024-08-16 15:49:46 CEST.
Flavor | Version | Tinstall | Tcheck | Ttotal | Status | Flags |
---|---|---|---|---|---|---|
r-devel-linux-x86_64-debian-clang | 0.4 | 50.50 | 23.95 | 74.45 | OK | |
r-devel-linux-x86_64-debian-gcc | 0.4 | 39.57 | 18.64 | 58.21 | OK | |
r-devel-linux-x86_64-fedora-clang | 0.4 | 143.47 | OK | |||
r-devel-linux-x86_64-fedora-gcc | 0.4 | 166.70 | OK | |||
r-devel-windows-x86_64 | 0.4 | 57.00 | 64.00 | 121.00 | OK | |
r-patched-linux-x86_64 | 0.4 | 55.23 | 22.72 | 77.95 | OK | |
r-release-linux-x86_64 | 0.4 | 56.65 | 22.80 | 79.45 | OK | |
r-release-macos-arm64 | 0.4 | 35.00 | NOTE | |||
r-release-macos-x86_64 | 0.4 | 63.00 | NOTE | |||
r-release-windows-x86_64 | 0.4 | 58.00 | 68.00 | 126.00 | OK | |
r-oldrel-macos-arm64 | 0.4 | 44.00 | NOTE | |||
r-oldrel-macos-x86_64 | 0.4 | 56.00 | NOTE | |||
r-oldrel-windows-x86_64 | 0.4 | 68.00 | 74.00 | 142.00 | OK |
Version: 0.4
Check: installed package size
Result: NOTE
installed size is 5.6Mb
sub-directories of 1Mb or more:
libs 5.5Mb
Flavors: r-release-macos-arm64, r-release-macos-x86_64, r-oldrel-macos-arm64, r-oldrel-macos-x86_64