Last updated on 2024-06-26 15:55:00 CEST.
Flavor | Version | Tinstall | Tcheck | Ttotal | Status | Flags |
---|---|---|---|---|---|---|
r-devel-linux-x86_64-debian-clang | 0.1.20 | NOTE | ||||
r-devel-linux-x86_64-debian-gcc | 0.1.20 | 30.44 | 31.68 | 62.12 | NOTE | |
r-devel-linux-x86_64-fedora-clang | 0.1.20 | 83.89 | NOTE | |||
r-devel-linux-x86_64-fedora-gcc | 0.1.20 | 123.01 | NOTE | |||
r-devel-windows-x86_64 | 0.1.20 | 30.00 | 63.00 | 93.00 | NOTE | |
r-patched-linux-x86_64 | 0.1.20 | 35.25 | 40.78 | 76.03 | OK | |
r-release-linux-x86_64 | 0.1.20 | 35.29 | 38.93 | 74.22 | OK | |
r-release-macos-arm64 | 0.1.20 | 51.00 | OK | |||
r-release-macos-x86_64 | 0.1.20 | 54.00 | OK | |||
r-release-windows-x86_64 | 0.1.20 | 30.00 | 63.00 | 93.00 | OK | |
r-oldrel-macos-arm64 | 0.1.20 | 44.00 | OK | |||
r-oldrel-macos-x86_64 | 0.1.20 | 112.00 | OK | |||
r-oldrel-windows-x86_64 | 0.1.20 | 31.00 | 69.00 | 100.00 | OK |
Version: 0.1.20
Check: compiled code
Result: NOTE
File ‘yyjsonr/libs/yyjsonr.so’:
Found non-API calls to R: ‘SETLENGTH’, ‘SET_GROWABLE_BIT’,
‘SET_TRUELENGTH’
Compiled code should not call non-API entry points in R.
See ‘Writing portable packages’ in the ‘Writing R Extensions’ manual.
Flavors: r-devel-linux-x86_64-debian-clang, r-devel-linux-x86_64-debian-gcc, r-devel-linux-x86_64-fedora-clang, r-devel-linux-x86_64-fedora-gcc
Version: 0.1.20
Check: compiled code
Result: NOTE
File 'yyjsonr/libs/x64/yyjsonr.dll':
Found non-API calls to R: 'SETLENGTH', 'SET_GROWABLE_BIT',
'SET_TRUELENGTH'
Compiled code should not call non-API entry points in R.
See 'Writing portable packages' in the 'Writing R Extensions' manual.
Flavor: r-devel-windows-x86_64